e of -u**4/4 + 13*u**3/3 - u**2 + 21*u + 383. Calculate k(13).
-5
Let w be (-2)/(6/(-16) - 7/168*-33). Let r(o) = -5*o**2 + 5*o + 9. Determine r(w).
-21
Let v(h) be the first derivative of h**4/4 + h**3/3 - 7*h**2/2 + 240. Calculate v(3).
15
Let m(c) be the first derivative of -c**5/60 + c**4/8 + 5*c**3/6 + 93*c**2/2 + 113. Let x(u) be the second derivative of m(u). What is x(5)?
-5
Suppose 52 = 86*l - 73*l. Let o(s) = -s**3 + 7*s**2 - 10*s - 9. Calculate o(l).
-1
Let f(q) be the first derivative of q**2/2 - 2*q + 17. Let k = 330 - 330. Determine f(k).
-2
Let c(x) = x + 3*x + 8*x + 113 - 2*x - 112. Calculate c(-1).
-9
Let g(l) be the second derivative of -l**5/10 - 13*l**4/6 - 41*l**3/3 - 5*l**2/2 + 23*l - 44. Give g(-5).
5
Let l(k) = -k**3 + 31*k - 19. Let m = 30108 - 30114. What is l(m)?
11
Let g(q) = -2*q**2 + 30*q + 17. Suppose 0 = -33*o + 658 - 130. Determine g(o).
-15
Suppose -37*t = -12*t - 75. Let d = 7 - 4. Let m(q) = -q**3 + 0*q + q**2 + 4 - q - q**t + d*q**3. Give m(0).
4
Let i(l) = -l**2. Let v(q) = 5*q**2 + 2*q + 1. Let u(m) = -6*i(m) - v(m). Suppose -2*a + 297 = 9*a. Let c be ((-2)/(-3))/(6/a). Give u(c).
2
Let b(s) = s**2 + 4*s - 1. Let i(g) = -3*g - 84. Let n be i(-28). Suppose -5*u = -15, n*t - 3*t - u + 24 = 0. Suppose 2*v + 1 + t = 0. Calculate b(v).
-1
Let h(k) = k - 10. Let c be 13*-3*7/(-84)*4. Calculate h(c).
3
Let n be (-16)/112 + (-43)/(-7). Let c(u) = 6*u + 9. Let x(k) = -k - 1. Let s(d) = c(d) + 5*x(d). Let q(b) = 1. Let p(t) = n*q(t) - s(t). What is p(6)?
-4
Let o(n) be the first derivative of 7*n**2/2 - 161*n - 1769. Give o(23).
0
Let m = -8 + 2. Let k(z) be the second derivative of -z + 1/6*z**3 + z**2 - 65. What is k(m)?
-4
Let s(d) be the second derivative of -d**5/20 + d**4/12 - d**3/6 - 5107*d. Determine s(4).
-52
Let i(a) be the first derivative of -5*a**2/2 + a - 16204. Let t be (-1 + 0)*-1*11. Suppose -5*g = -4 - t. Give i(g).
-14
Let y(b) = 8*b**2 + b. Suppose -5*v - 4 = -v + 4*c, -v = -5*c - 17. Suppose 144 = 10*o - v*o. Let p be (-18)/12*(-3)/o*-4. What is y(p)?
7
Let u(t) = -2038790*t**2 - 54 - t**3 + 6*t + 29*t + 2038773*t**2. What is u(-19)?
3
Let v(a) = -a**3 - 6*a**2 + 23*a - 30. Let k be v(-9). Let j(r) be the first derivative of r**3/3 - 5*r**2/2 - 8*r + 24. What is j(k)?
-2
Let q = 167 + -9. Suppose -2*l + q = 138. Let t(w) = w**2 - 11*w + 5. Determine t(l).
-5
Let h(y) = -5*y**2 - 228*y + 98. Let a be h(-46). Let o(d) = d - 8. Let g(b) = -3*b + 24. Let i(z) = -2*g(z) - 7*o(z). Calculate i(a).
2
Let a(d) = -4*d**3 + 8*d**2 - 2*d - 40. Let z(q) = -5*q**3 + 9*q**2 - q - 45. Let t(v) = -6*a(v) + 5*z(v). Determine t(-3).
-6
Let a(v) = -v**2 - 5*v - 1. Let p(g) = -33*g**2 - 6*g + 12. Let m be p(-17). Let w be (-8)/(-10) + m/135. Let u = w + 64. Calculate a(u).
-1
Let p(n) be the first derivative of n**2 - 193 + 0*n + 2*n + 226. Suppose 2*b = 5*r + 11, 0 = -4*r - 2*b + 4*b - 8. Determine p(r).
-4
Let f(q) = -19*q + 12. Let m(y) = -60*y + 39. Let z(g) = 19*f(g) - 6*m(g). Let o(x) = -x - 4. Let w be o(-5). Suppose -w = -4*r - 21. What is z(r)?
-1
Suppose -8*c + 45 = 7*c. Let j(h) = 2*h + 2*h**2 + 6*h**c - 7*h**3 - h**2 + 4 + 0*h**2 + 0*h**3. Calculate j(3).
-8
Let r(v) = 2*v - 1. Let n be r(7). Suppose k - x - 6 = 0, -4*k + 7 = -3*x - n. Let y(d) be the first derivative of -2*d**3/3 + d**2/2 - d - 15. Calculate y(k).
-7
Let h(f) = -f**2 + 64*f + 417. Suppose 40*g - 41*g + 330 = -56*g. Determine h(g).
-3
Let f(v) = 28*v + 48. Let l(p) = 90*p + 146. Let s(y) = 16*f(y) - 5*l(y). What is s(14)?
10
Let f(v) = 1860*v + 1864. Let t be f(-1). Let m(r) = r**2 + 11*r - 53. Calculate m(t).
7
Let s be 9/6*2/3. Suppose s = -4*m + 9. Let x(w) = 6 - m + 4*w**2 - 4*w - 3*w**2 - 7. Give x(4).
-3
Let l(k) = 2*k**2 - 24*k - 49. Let p be l(26). Suppose -p*s - 4 = -675*s. Let f(c) = -9*c**2 - c. Determine f(s).
-8
Let a = 178 + -175. Let r(b) = -14 - 2 + a*b + 22. What is r(-5)?
-9
Let z(u) = u + 7. Let o = -438 + 438. Suppose o*f - 5*f + 3*x - 40 = 0, -3*f = -2*x + 25. Determine z(f).
2
Let i be (1 - 2)*1 + 2. Let m(y) be the third derivative of y**6/240 + 11*y**4/24 - 6*y**2. Let r(g) be the second derivative of m(g). What is r(i)?
3
Let o(y) = 117*y + 5. Let j(p) = 430*p + 20. Let i(s) = -6*j(s) + 22*o(s). Calculate i(-3).
8
Let b = -960 - -976. Suppose b*z + 79 = -17. Let i(g) = -g**3 - 8*g**2 - 13*g - 6. Calculate i(z).
0
Let d(a) = -27*a + 12*a - 10*a - 6*a. Suppose -5*v + 1 = -4. What is d(v)?
-31
Let i = -37 - -44. Let v = i - 59. Let z = v - -54. Let c(f) = 6*f**2 - 2*f - 2. What is c(z)?
18
Let a(f) = 0 + 10 + f - 4*f**2 - 2*f**2 + 4*f**2 + 3*f**2. Suppose -19 - 26 = 5*j. Let g be 3 - (-1)/(3/j). Calculate a(g).
10
Let d(b) = -37*b**2 - 3*b + 6. Let q(r) = -13*r**2 - r + 2. Let k be (-2 - -2 - 1)*(-12)/(-2). Let u(p) = k*d(p) + 17*q(p). What is u(2)?
4
Let f(a) = -2*a + 13. Let m(b) = 1. Let d(c) = c - 4. Let l(p) = -d(p) + 2*m(p). Let j be (2/4*-3)/(1/(-2)). Let v(r) = j*f(r) - 5*l(r). What is v(-7)?
16
Let o = -34942 + 34922. Let b(t) = -2*t**2 - 30*t + 202. Calculate b(o).
2
Let w(v) = v**3 + 2*v**2 - v - 4. Suppose 72 = k - 4*d + 64, 0 = 4*d + 8. Calculate w(k).
-4
Let f(z) = z**2 + 243*z - 13 - 85*z - 90*z + 17 - 79*z. Let k(c) = c**2 + 8*c + 4. Let o be k(-6). Let v = o - -19. Give f(v).
4
Let b(h) = -4*h + 3. Let k(s) = -2*s - 2. Let x(l) = -b(l) + 3*k(l). Let t be 60/(-15) + (-42)/(-1). Suppose 5*y - 8 = -p - t, -2*y = p + 15. Calculate x(y).
1
Let v(d) be the second derivative of d**3/2 + 4*d**2 + 5*d. Suppose 3*q - 8 = q. Suppose q*h + 22 = -2*j, -j + 25 = -2*h - 2*h. Determine v(h).
-10
Let y(z) = 2*z**2 + z. Suppose 40 = 4*a + 4*s, -4*a + 0*a + 2*s = -40. Let i be -6 + 1 + (a - 4). What is y(i)?
3
Let l(v) = -16*v + 1. Let x be l(-2). Let y = x + -32. Let j(f) = -26*f - 1 - 11*f**2 + 44*f - 16*f. Determine j(y).
-10
Let p(l) be the third derivative of -l**5/60 + 7*l**4/12 - 4*l**3/3 - 1329*l**2. What is p(6)?
40
Let y(f) = -f**3 - 4*f**2 + 6*f - 3. Let k be (-47)/(6768/756) + (-2)/(-8). Calculate y(k).
-8
Suppose -5*y + 7*o - 2*o - 60 = 0, -3*o = 3*y + 18. Let r(a) = -7*a**2 - 22*a + 164. Let t(l) = -2*l**2 - 7*l + 44. Let u(w) = -3*r(w) + 11*t(w). What is u(y)?
10
Let m(u) = -u + 17. Let t be (-80)/100*(-30 - 0). Let c be (435/60)/((-2)/t). Let d = c + 87. Calculate m(d).
17
Let r(z) be the second derivative of 1/6*z**3 + 0 + 66*z + 11/2*z**2. What is r(-10)?
1
Let s(m) = -5*m - 42. Suppose -63*x + 768 = 65*x. Determine s(x).
-72
Let j(p) = -p**3 + p**2 + 1. Let x(h) = 2 - 3 + 38 + 21 - 15*h. Let g be x(4). Give j(g).
13
Let g(r) = r + 4. Let n(b) be the first derivative of 340*b - 664*b + 3*b**2 + 336*b + 8. Let k be n(-3). Calculate g(k).
-2
Let f(z) be the second derivative of -z**3/6 - 10*z**2 - 728*z - 2. Calculate f(-21).
1
Let o(f) = 16*f - 5. Let c(n) = 2*n**2 + 34*n + 39. Let a be c(-16). Let w(x) = -37*x + 11. Let y(i) = a*o(i) + 3*w(i). What is y(4)?
2
Let v(t) = t - 17 + 1 - 14 + 79 - 5. Give v(-47).
-3
Let s(b) = -5*b + 1. Let j be (-154)/(-8) - (-1)/(-4). Let d be ((-165)/(-45))/(2/8)*3/2. Let x = d - j. Calculate s(x).
-14
Let k = -17 - -16. Let v be 7/(-14)*(-1 - k). Let n(m) = -6 - 12*m + 20*m - 6 - 9*m + 3. Give n(v).
-9
Let j(q) be the first derivative of -q**4/4 + 5*q**3/3 + 8*q**2 - 10*q + 152. Let o be j(7). Let f(d) = d - 3. What is f(o)?
1
Suppose 5*p - 75 + 15 = 0. Suppose -3*b + 31 = -5*x - p, -9 = -b - x. Let r(v) = 2*v - 14. What is r(b)?
8
Let x(u) = 3*u + 1. Let w(f) = -7*f + 1. Let p(c) = c**3 + 12*c**2 - 29*c - 11. Let i be p(-14). Let t(v) = i*x(v) + w(v). Determine t(-6).
-8
Let b(y) = 4*y - 43. Let l(p) = -p + 9. Let r(i) = -b(i) - 5*l(i). Determine r(-1).
-3
Let x(v) = v**2 - 8*v + 1. Suppose -3*z = -7*z + 3*f + 1329, -z + 331 = -f. Let s = z + -328. Give x(s).
1
Suppose -3*s + 4*s - 1 = 0. Let w(v) be the second derivative of 0*v**4 - 1/2*v**2 - 49*v + 1 + 1/3*v**3 + 1/20*v**5. What is w(s)?
2
Let a(m) = 11*m - 484. Let u be a(44). Let w(p) be the first derivative of 3/4*p**4 + u*p - 1/2*p**2 + 4 - 1/3*p**3. Determine w(-1).
-3
Let j(k) = -2*k**2 + 2*k + 1. Let v(c) = 5*c + 54. Suppose 0 = 8*z - 3*z - 40. Let n be v(z). Let g = -95 + n. Give j(g).
-3
Suppose -11*t + 12*t = 4*v + 27, 3*t - 31 = 2*v. Let w(q) = 7 + 7 - 36 + t - 4*q. Calculate w(-6).
9
Let v(z) = 